{"id":325,"date":"2020-12-01T19:18:43","date_gmt":"2020-12-01T18:18:43","guid":{"rendered":"https:\/\/www.audeux.eu\/?page_id=325"},"modified":"2020-12-01T19:20:48","modified_gmt":"2020-12-01T18:20:48","slug":"sante-et-securite","status":"publish","type":"page","link":"https:\/\/www.audeux.eu\/index.php\/sante-et-securite\/","title":{"rendered":"Sant\u00e9 et S\u00e9curit\u00e9"},"content":{"rendered":"<ul class=\"wp-block-latest-posts__list wp-block-latest-posts\"><li><a href=\"https:\/\/www.audeux.eu\/index.php\/2022\/09\/18\/frelon-asiatique\/\">Frelon Asiatique<\/a><\/li>\n<li><a href=\"https:\/\/www.audeux.eu\/index.php\/2021\/05\/24\/mes-conseils-covid\/\">Mes conseils Covid<\/a><\/li>\n<li><a href=\"https:\/\/www.audeux.eu\/index.php\/2020\/12\/01\/les-derniers-communiques-de-la-gendarmerie\/\">Les derniers communiqu\u00e9s de la Gendarmerie<\/a><\/li>\n<li><a href=\"https:\/\/www.audeux.eu\/index.php\/2020\/12\/01\/attestation-derogatoire-de-deplacement\/\">Attestation d\u00e9rogatoire de d\u00e9placement<\/a><\/li>\n<li><a href=\"https:\/\/www.audeux.eu\/index.php\/2020\/12\/01\/les-derniers-arretes-lies-a-la-covid\/\">Les derniers arr\u00eat\u00e9s li\u00e9s \u00e0 la Covid 19<\/a><\/li>\n<\/ul>\n\n\n<figure class=\"wp-block-image size-large\"><img loading=\"lazy\" width=\"600\" height=\"215\" src=\"https:\/\/www.audeux.eu\/wp-content\/uploads\/2020\/12\/Cartouche_gestes-barrieres_600px-4-1.png\" alt=\"\" class=\"wp-image-323\" srcset=\"https:\/\/www.audeux.eu\/wp-content\/uploads\/2020\/12\/Cartouche_gestes-barrieres_600px-4-1.png 600w, https:\/\/www.audeux.eu\/wp-content\/uploads\/2020\/12\/Cartouche_gestes-barrieres_600px-4-1-300x108.png 300w\" sizes=\"(max-width: 600px) 100vw, 600px\" \/><\/figure>\n","protected":false},"excerpt":{"rendered":"","protected":false},"author":1,"featured_media":0,"parent":0,"menu_order":0,"comment_status":"closed","ping_status":"closed","template":"","meta":[],"folder":[],"_links":{"self":[{"href":"https:\/\/www.audeux.eu\/index.php\/wp-json\/wp\/v2\/pages\/325"}],"collection":[{"href":"https:\/\/www.audeux.eu\/index.php\/wp-json\/wp\/v2\/pages"}],"about":[{"href":"https:\/\/www.audeux.eu\/index.php\/wp-json\/wp\/v2\/types\/page"}],"author":[{"embeddable":true,"href":"https:\/\/www.audeux.eu\/index.php\/wp-json\/wp\/v2\/users\/1"}],"replies":[{"embeddable":true,"href":"https:\/\/www.audeux.eu\/index.php\/wp-json\/wp\/v2\/comments?post=325"}],"version-history":[{"count":2,"href":"https:\/\/www.audeux.eu\/index.php\/wp-json\/wp\/v2\/pages\/325\/revisions"}],"predecessor-version":[{"id":332,"href":"https:\/\/www.audeux.eu\/index.php\/wp-json\/wp\/v2\/pages\/325\/revisions\/332"}],"wp:attachment":[{"href":"https:\/\/www.audeux.eu\/index.php\/wp-json\/wp\/v2\/media?parent=325"}],"wp:term":[{"taxonomy":"folder","embeddable":true,"href":"https:\/\/www.audeux.eu\/index.php\/wp-json\/wp\/v2\/folder?post=325"}],"curies":[{"name":"wp","href":"https:\/\/api.w.org\/{rel}","templated":true}]}}