{"id":39,"date":"2020-04-30T19:45:38","date_gmt":"2020-04-30T17:45:38","guid":{"rendered":"http:\/\/audeuxr.cluster028.hosting.ovh.net\/?page_id=39"},"modified":"2022-06-06T21:20:27","modified_gmt":"2022-06-06T19:20:27","slug":"demarches-administratives","status":"publish","type":"page","link":"https:\/\/www.audeux.eu\/index.php\/demarches-administratives\/","title":{"rendered":"D\u00e9marches administratives"},"content":{"rendered":"\n<h3><strong>\u2022 La naissance<\/strong><\/h3>\n\n\n\n<div class=\"wp-block-group float left\"><div class=\"wp-block-group__inner-container\">\n<p>La d\u00e9claration est obligatoire, adressez vous \u00e0 la mairie du lieu d&rsquo;accouchement.<\/p>\n<\/div><\/div>\n\n\n\n<h3><strong>\u2022 Le Pacte Civil de Solidarit\u00e9 (PACS)&nbsp;<\/strong><\/h3>\n\n\n\n<p>Le pacte civil de solidarit\u00e9 (Pacs) est un contrat. Il est conclu entre 2 personnes majeures, de sexe diff\u00e9rent ou de m\u00eame sexe, pour organiser leur vie commune.&nbsp;<em><a href=\"https:\/\/www.service-public.fr\/particuliers\/vosdroits\/N144\">en savoir plus.<\/a><\/em><\/p>\n\n\n\n<h3><strong>\u2022 Le mariage<\/strong><\/h3>\n\n\n\n<p>Pour la constitution du dossier adressez-vous \u00e0 la mairie du domicile ou de r\u00e9sidence de l&rsquo;un des futurs \u00e9poux.<\/p>\n\n\n\n<h3><strong>\u2022 Le d\u00e9c\u00e8s<\/strong><\/h3>\n\n\n\n<p>Pour le constat adressez-vous \u00e0 un m\u00e9decin. Pour la d\u00e9claration, adressez-vous \u00e0 la mairie du lieu de d\u00e9c\u00e8s muni du constat de d\u00e9c\u00e8s.<\/p>\n\n\n\n<h3><strong>\u2022 Le recensement citoyen<\/strong><\/h3>\n\n\n\n<p>Tous les jeunes ayant 16 ans doivent se faire recenser en mairie.&nbsp;Les jeunes (gar\u00e7ons ou filles) ayant 16 ans r\u00e9volus doivent se pr\u00e9senter imp\u00e9rativement \u00e0 la Mairie de leur domicile dans les 3 mois qui suivent leur anniversaire, muni du livret de famille et de leur carte d&rsquo;identit\u00e9.<\/p>\n\n\n\n<p>Pour chaque&nbsp;jeune Fran\u00e7ais de 16 ans,&nbsp;le&nbsp;<strong>recensement<\/strong>&nbsp;doit \u00eatre effectu\u00e9 pour&nbsp;:<\/p>\n\n\n\n<ul><li>participer \u00e0 la journ\u00e9e d\u00e9fense et citoyennet\u00e9<\/li><li>passer, le cas \u00e9ch\u00e9ant, des concours&nbsp;et examens d&rsquo;\u00c9tat avant l&rsquo;\u00e2ge de 25 ans&nbsp;: CAP, BEP, baccalaur\u00e9at, permis de conduire\u2026<\/li><li>\u00eatre inscrit d\u2019office sur les listes \u00e9lectorales d\u00e8s 18 ans.<\/li><\/ul>\n\n\n\n<p>Lors de son&nbsp;<strong>recensement<\/strong>, le jeune doit fournir&nbsp;:<\/p>\n\n\n\n<ul><li>une pi\u00e8ce d&rsquo;identit\u00e9 (Carte nationale d&rsquo;identit\u00e9, passeport&#8230;)<\/li><li>son livret de famille<\/li><li>une d\u00e9claration indiquant ses nom, pr\u00e9nom, date et son lieu de naissance et ceux de ses parents, son adresse, sa situation familiale, scolaire, universitaire et\/ou professionnelle.<\/li><\/ul>\n\n\n\n<h3><strong>\u2022 La journ\u00e9e d&rsquo;Appel de Pr\u00e9paration \u00e0 la D\u00e9fense (JAPD)&nbsp;<\/strong><\/h3>\n\n\n\n<p>La JAPD est obligatoire pour les gar\u00e7ons et les filles entre la date de recensement et l\u2019\u00e2ge de 18 ans.&nbsp;C\u2019est l\u2019occasion d\u2019avoir un contact direct avec la communaut\u00e9 militaire et d\u2019y d\u00e9couvrir de multiples m\u00e9tiers et sp\u00e9cialit\u00e9s, civiles et militaires.&nbsp;En fin de journ\u00e9e, un CERTIFICAT DE PARTICIPATION vous est remis. Ce certificat obligatoire est requis pour l\u2019inscription aux examens et concours soumis au contr\u00f4le de l\u2019autorit\u00e9 publique.<\/p>\n\n\n\n<figure class=\"wp-block-embed\"><div class=\"wp-block-embed__wrapper\">\nhttps:\/\/presaje.sga.defense.gouv.fr\/portail\n<\/div><\/figure>\n\n\n\n<h3><strong>\u2022 L&rsquo;inscription sur les listes \u00e9lectorales<\/strong><\/h3>\n\n\n\n<p>Si vous venez d&rsquo; avoir 18 ans, vous devez \u00eatre inscrit d&rsquo;office, pour v\u00e9rifier votre inscription, adressez-vous \u00e0 la mairie de la commune o\u00f9 vous r\u00e9sidez. Dans les autres cas , vous devez vous faire inscrire \u00e0 la mairie de la commune o\u00f9 vous souhaitez \u00eatre inscrit.<\/p>\n\n\n\n<p>Pour le vote par procuration, adressez-vous au tribunal d&rsquo; instance du domicile, au commissariat de police ou \u00e0 la brigade de gendarmerie.<\/p>\n\n\n\n<h3><strong>\u2022 Les pi\u00e8ces d&rsquo;identit\u00e9&nbsp;<\/strong>(carte d&rsquo;identit\u00e9 et passeport)<\/h3>\n\n\n\n<p>Les cartes nationales d&rsquo;identit\u00e9 (CNI) sont trait\u00e9es comme les demandes de passeports biom\u00e9triques. 64 mairies de la r\u00e9gion sont \u00e9quip\u00e9es d&rsquo;un dispositif de recueil des demandes de CNI et de passeports. La mairie la plus proche est celle d&rsquo;Ecole-Valentin. Il est conseill\u00e9, pour gagner du temps de remplir une pr\u00e9-demande en ligne sur&nbsp;<em><a href=\"https:\/\/ants.gouv.fr\/\">https:\/\/ants.gouv.fr\/<\/a>&nbsp;<\/em>et ensuite de prendre rendez-vous avec l&rsquo;une des maires.&nbsp;<em><a href=\"https:\/\/passeport.ants.gouv.fr\/Services-associes\/Ou-faire-ma-demande-de-passeport-CNI\">O\u00f9 faire ma demande de passeport \/ CNI ?&nbsp;<\/a><\/em><\/p>\n\n\n\n<h3><strong>\u2022 Les copies et extraits d&rsquo;actes d&rsquo;\u00e9tat civil<\/strong><\/h3>\n\n\n\n<p>Pour l&rsquo;obtention, adressez-vous \u00e0 la mairie du lieu de naissance, de mariage ou de d\u00e9c\u00e8s.<br>Si la naissance, le mariage ou le d\u00e9c\u00e8s a eu lieu dans les Dom-Tom et que vous r\u00e9sidez en m\u00e9tropole, adressez-vous au minist\u00e8re de l&rsquo;outre-mer, au bureau des affaires juridiques et de l&rsquo;\u00e9tat-civil :<br>27, avenue Oudinot 75358 Paris 07 SP \u2014 t\u00e9l. : 01 53 69 20 00<br><em><a href=\"http:\/\/www.outre-mer.gouv.fr\/\" target=\"_blank\" rel=\"noreferrer noopener\">www.outre-mer.gouv.fr<\/a><\/em><\/p>\n\n\n\n<p>Si la naissance, le mariage ou le d\u00e9c\u00e8s a eu lieu \u00e0 l&rsquo;\u00e9tranger, adressez-vous au minist\u00e8re des Affaires \u00e9trang\u00e8res, de la Coop\u00e9ration et de la Francophonie, service central de l&rsquo;\u00e9tat civil :<br>11,rue de la Maison-Blanche 44941 Nantes Cedex 09<br>t\u00e9l. : 02 51 77 30 30 \u2014 fax : 02513699<em>&nbsp;<a href=\"http:\/\/www.diplomatie.gouv.fr\/\" target=\"_blank\" rel=\"noreferrer noopener\">www.diplomatie.gouv.fr<\/a><\/em><\/p>\n\n\n\n<h3><strong>\u2022 Les fiches d&rsquo;\u00e9tat civil<\/strong><\/h3>\n\n\n\n<p>Elles sont supprim\u00e9es, en principe. Elles sont remplac\u00e9es par la pr\u00e9sentation de l&rsquo;original ou une simple photocopie des pi\u00e8ces n\u00e9cessaires \u00e0 leur \u00e9tablissement (carte d&rsquo;identit\u00e9, livret de famille,\u2026).<br>Dans certains cas une simple attestation sur l&rsquo;honneur peut \u00eatre demand\u00e9e.<br>En cas de doute sur la photocopie l&rsquo;administration peut demander la production de l&rsquo;original.<\/p>\n\n\n\n<h3><strong>\u2022 L&rsquo;autorisation de sortie du territoire<\/strong><\/h3>\n\n\n\n<p>\u00c0 compter du 15 janvier 2017,&nbsp;<strong>un enfant mineur qui vit en France et voyage \u00e0 l&rsquo;\u00e9tranger seul ou sans \u00eatre accompagn\u00e9 de l&rsquo;un de ses parents doit \u00eatre muni d&rsquo;une autorisation de sortie du territoire (AST<\/strong>).<\/p>\n\n\n\n<p>Il s&rsquo;agit d&rsquo;un formulaire \u00e9tabli et sign\u00e9 par un parent (ou responsable l\u00e9gal).<\/p>\n\n\n\n<p>Le formulaire doit \u00eatre accompagn\u00e9 de la photocopie d&rsquo;une pi\u00e8ce d&rsquo;identit\u00e9 du parent signataire.<\/p>\n\n\n\n<p><em><a href=\"http:\/\/site2626.amenothes-sv-55.nfrance.com\/uploads\/elfinder\/demarches\/attestation%20%20sortie%20territoire\/cerfa_15646_do.pdf\" target=\"_blank\" rel=\"noreferrer noopener\">T\u00e9l\u00e9charger le formulaire CERFA 15646*01<\/a><\/em><\/p>\n\n\n\n<h3><strong>\u2022 Les autres d\u00e9marches en ligne<\/strong><\/h3>\n\n\n\n<p>Permis de conduire, passeport \/ CNI, Carte grise, vendre son v\u00e9hicule, etc&#8230;<a href=\"https:\/\/ants.gouv.fr\/\"><em>https:\/\/ants.gouv.fr\/<\/em><\/a><\/p>\n\n\n\n<h3><strong> <strong>\u2022 <\/strong>Imp\u00f4ts<\/strong><\/h3>\n\n\n\n<figure class=\"wp-block-embed\"><div class=\"wp-block-embed__wrapper\">\nhttps:\/\/www.impots.gouv.fr\/portail\/\n<\/div><\/figure>\n\n\n\n<h3><strong><strong>\u2022 Tr\u00e9sorerie du grand Besan\u00e7on<\/strong><\/strong><\/h3>\n\n\n\n<p>16 place Cassin<br>BP 2129<br>25052 Besan\u00e7on Cedex<br>Courriel\u00a0:\u00a0t025005@dgfip.finances.gouv.fr<br>Site web\u00a0:\u00a0<a href=\"http:\/\/www.impots.gouv.fr\/\">http:\/\/www.impots.gouv.fr<\/a><br>Horaires d\u2019ouverture\u00a0:<br>Du Lundi au Vendredi\u00a0: de 08h15 \u00e0 12h30<br>Fermeture tous les apr\u00e8s-midis<\/p>\n","protected":false},"excerpt":{"rendered":"<p>\u2022 La naissance La d\u00e9claration est obligatoire, adressez vous \u00e0 la mairie du lieu d&rsquo;accouchement. \u2022 Le Pacte Civil de Solidarit\u00e9 (PACS)&nbsp; Le pacte civil de solidarit\u00e9 (Pacs) est un contrat. Il est conclu entre 2 personnes majeures, de sexe diff\u00e9rent ou de m\u00eame sexe, pour organiser leur vie commune.&nbsp;en savoir plus. \u2022 Le mariage &hellip; <\/p>\n<p class=\"link-more\"><a href=\"https:\/\/www.audeux.eu\/index.php\/demarches-administratives\/\" class=\"more-link\">Continuer la lecture<span class=\"screen-reader-text\"> de &laquo;&nbsp;D\u00e9marches administratives&nbsp;&raquo;<\/span><\/a><\/p>\n","protected":false},"author":3,"featured_media":0,"parent":0,"menu_order":0,"comment_status":"closed","ping_status":"closed","template":"","meta":[],"folder":[],"_links":{"self":[{"href":"https:\/\/www.audeux.eu\/index.php\/wp-json\/wp\/v2\/pages\/39"}],"collection":[{"href":"https:\/\/www.audeux.eu\/index.php\/wp-json\/wp\/v2\/pages"}],"about":[{"href":"https:\/\/www.audeux.eu\/index.php\/wp-json\/wp\/v2\/types\/page"}],"author":[{"embeddable":true,"href":"https:\/\/www.audeux.eu\/index.php\/wp-json\/wp\/v2\/users\/3"}],"replies":[{"embeddable":true,"href":"https:\/\/www.audeux.eu\/index.php\/wp-json\/wp\/v2\/comments?post=39"}],"version-history":[{"count":4,"href":"https:\/\/www.audeux.eu\/index.php\/wp-json\/wp\/v2\/pages\/39\/revisions"}],"predecessor-version":[{"id":546,"href":"https:\/\/www.audeux.eu\/index.php\/wp-json\/wp\/v2\/pages\/39\/revisions\/546"}],"wp:attachment":[{"href":"https:\/\/www.audeux.eu\/index.php\/wp-json\/wp\/v2\/media?parent=39"}],"wp:term":[{"taxonomy":"folder","embeddable":true,"href":"https:\/\/www.audeux.eu\/index.php\/wp-json\/wp\/v2\/folder?post=39"}],"curies":[{"name":"wp","href":"https:\/\/api.w.org\/{rel}","templated":true}]}}

Démarches administratives

<h3><strong>• La naissance</strong></h3>



<div class="wp-block-group float left"><div class="wp-block-group__inner-container">
<p>La déclaration est obligatoire, adressez vous à la mairie du lieu d&rsquo;accouchement.</p>
</div></div>



<h3><strong>• Le Pacte Civil de Solidarité (PACS)&nbsp;</strong></h3>



<p>Le pacte civil de solidarité (Pacs) est un contrat. Il est conclu entre 2 personnes majeures, de sexe différent ou de même sexe, pour organiser leur vie commune.&nbsp;<em><a href="https://www.service-public.fr/particuliers/vosdroits/N144">en savoir plus.</a></em></p>



<h3><strong>• Le mariage</strong></h3>



<p>Pour la constitution du dossier adressez-vous à la mairie du domicile ou de résidence de l&rsquo;un des futurs époux.</p>



<h3><strong>• Le décès</strong></h3>



<p>Pour le constat adressez-vous à un médecin. Pour la déclaration, adressez-vous à la mairie du lieu de décès muni du constat de décès.</p>



<h3><strong>• Le recensement citoyen</strong></h3>



<p>Tous les jeunes ayant 16 ans doivent se faire recenser en mairie.&nbsp;Les jeunes (garçons ou filles) ayant 16 ans révolus doivent se présenter impérativement à la Mairie de leur domicile dans les 3 mois qui suivent leur anniversaire, muni du livret de famille et de leur carte d&rsquo;identité.</p>



<p>Pour chaque&nbsp;jeune Français de 16 ans,&nbsp;le&nbsp;<strong>recensement</strong>&nbsp;doit être effectué pour&nbsp;:</p>



<ul><li>participer à la journée défense et citoyenneté</li><li>passer, le cas échéant, des concours&nbsp;et examens d&rsquo;État avant l&rsquo;âge de 25 ans&nbsp;: CAP, BEP, baccalauréat, permis de conduire…</li><li>être inscrit d’office sur les listes électorales dès 18 ans.</li></ul>



<p>Lors de son&nbsp;<strong>recensement</strong>, le jeune doit fournir&nbsp;:</p>



<ul><li>une pièce d&rsquo;identité (Carte nationale d&rsquo;identité, passeport&#8230;)</li><li>son livret de famille</li><li>une déclaration indiquant ses nom, prénom, date et son lieu de naissance et ceux de ses parents, son adresse, sa situation familiale, scolaire, universitaire et/ou professionnelle.</li></ul>



<h3><strong>• La journée d&rsquo;Appel de Préparation à la Défense (JAPD)&nbsp;</strong></h3>



<p>La JAPD est obligatoire pour les garçons et les filles entre la date de recensement et l’âge de 18 ans.&nbsp;C’est l’occasion d’avoir un contact direct avec la communauté militaire et d’y découvrir de multiples métiers et spécialités, civiles et militaires.&nbsp;En fin de journée, un CERTIFICAT DE PARTICIPATION vous est remis. Ce certificat obligatoire est requis pour l’inscription aux examens et concours soumis au contrôle de l’autorité publique.</p>



<figure class="wp-block-embed"><div class="wp-block-embed__wrapper">
https://presaje.sga.defense.gouv.fr/portail
</div></figure>



<h3><strong>• L&rsquo;inscription sur les listes électorales</strong></h3>



<p>Si vous venez d&rsquo; avoir 18 ans, vous devez être inscrit d&rsquo;office, pour vérifier votre inscription, adressez-vous à la mairie de la commune où vous résidez. Dans les autres cas , vous devez vous faire inscrire à la mairie de la commune où vous souhaitez être inscrit.</p>



<p>Pour le vote par procuration, adressez-vous au tribunal d&rsquo; instance du domicile, au commissariat de police ou à la brigade de gendarmerie.</p>



<h3><strong>• Les pièces d&rsquo;identité&nbsp;</strong>(carte d&rsquo;identité et passeport)</h3>



<p>Les cartes nationales d&rsquo;identité (CNI) sont traitées comme les demandes de passeports biométriques. 64 mairies de la région sont équipées d&rsquo;un dispositif de recueil des demandes de CNI et de passeports. La mairie la plus proche est celle d&rsquo;Ecole-Valentin. Il est conseillé, pour gagner du temps de remplir une pré-demande en ligne sur&nbsp;<em><a href="https://ants.gouv.fr/">https://ants.gouv.fr/</a>&nbsp;</em>et ensuite de prendre rendez-vous avec l&rsquo;une des maires.&nbsp;<em><a href="https://passeport.ants.gouv.fr/Services-associes/Ou-faire-ma-demande-de-passeport-CNI">Où faire ma demande de passeport / CNI ?&nbsp;</a></em></p>



<h3><strong>• Les copies et extraits d&rsquo;actes d&rsquo;état civil</strong></h3>



<p>Pour l&rsquo;obtention, adressez-vous à la mairie du lieu de naissance, de mariage ou de décès.<br>Si la naissance, le mariage ou le décès a eu lieu dans les Dom-Tom et que vous résidez en métropole, adressez-vous au ministère de l&rsquo;outre-mer, au bureau des affaires juridiques et de l&rsquo;état-civil :<br>27, avenue Oudinot 75358 Paris 07 SP — tél. : 01 53 69 20 00<br><em><a href="http://www.outre-mer.gouv.fr/" target="_blank" rel="noreferrer noopener">www.outre-mer.gouv.fr</a></em></p>



<p>Si la naissance, le mariage ou le décès a eu lieu à l&rsquo;étranger, adressez-vous au ministère des Affaires étrangères, de la Coopération et de la Francophonie, service central de l&rsquo;état civil :<br>11,rue de la Maison-Blanche 44941 Nantes Cedex 09<br>tél. : 02 51 77 30 30 — fax : 02513699<em>&nbsp;<a href="http://www.diplomatie.gouv.fr/" target="_blank" rel="noreferrer noopener">www.diplomatie.gouv.fr</a></em></p>



<h3><strong>• Les fiches d&rsquo;état civil</strong></h3>



<p>Elles sont supprimées, en principe. Elles sont remplacées par la présentation de l&rsquo;original ou une simple photocopie des pièces nécessaires à leur établissement (carte d&rsquo;identité, livret de famille,…).<br>Dans certains cas une simple attestation sur l&rsquo;honneur peut être demandée.<br>En cas de doute sur la photocopie l&rsquo;administration peut demander la production de l&rsquo;original.</p>



<h3><strong>• L&rsquo;autorisation de sortie du territoire</strong></h3>



<p>À compter du 15 janvier 2017,&nbsp;<strong>un enfant mineur qui vit en France et voyage à l&rsquo;étranger seul ou sans être accompagné de l&rsquo;un de ses parents doit être muni d&rsquo;une autorisation de sortie du territoire (AST</strong>).</p>



<p>Il s&rsquo;agit d&rsquo;un formulaire établi et signé par un parent (ou responsable légal).</p>



<p>Le formulaire doit être accompagné de la photocopie d&rsquo;une pièce d&rsquo;identité du parent signataire.</p>



<p><em><a href="http://site2626.amenothes-sv-55.nfrance.com/uploads/elfinder/demarches/attestation%20%20sortie%20territoire/cerfa_15646_do.pdf" target="_blank" rel="noreferrer noopener">Télécharger le formulaire CERFA 15646*01</a></em></p>



<h3><strong>• Les autres démarches en ligne</strong></h3>



<p>Permis de conduire, passeport / CNI, Carte grise, vendre son véhicule, etc&#8230;<a href="https://ants.gouv.fr/"><em>https://ants.gouv.fr/</em></a></p>



<h3><strong> <strong>• </strong>Impôts</strong></h3>



<figure class="wp-block-embed"><div class="wp-block-embed__wrapper">
https://www.impots.gouv.fr/portail/
</div></figure>



<h3><strong><strong>• Trésorerie du grand Besançon</strong></strong></h3>



<p>16 place Cassin<br>BP 2129<br>25052 Besançon Cedex<br>Courriel : t025005@dgfip.finances.gouv.fr<br>Site web : <a href="http://www.impots.gouv.fr/">http://www.impots.gouv.fr</a><br>Horaires d’ouverture :<br>Du Lundi au Vendredi : de 08h15 à 12h30<br>Fermeture tous les après-midis</p>

<p>• La naissance La déclaration est obligatoire, adressez vous à la mairie du lieu d&rsquo;accouchement. • Le Pacte Civil de Solidarité (PACS)&nbsp; Le pacte civil de solidarité (Pacs) est un contrat. Il est conclu entre 2 personnes majeures, de sexe différent ou de même sexe, pour organiser leur vie commune.&nbsp;en savoir plus. • Le mariage &hellip; </p>
<p class="link-more"><a href="https://www.audeux.eu/index.php/demarches-administratives/" class="more-link">Continuer la lecture<span class="screen-reader-text"> de &laquo;&nbsp;Démarches administratives&nbsp;&raquo;</span></a></p>
